693 and 26037?
99
What is the highest common divisor of 93 and 2229?
3
Calculate the highest common factor of 63 and 1799203.
7
What is the highest common factor of 3632 and 2982780?
908
What is the highest common factor of 21 and 963?
3
What is the greatest common divisor of 38097 and 255?
51
Calculate the highest common divisor of 25224 and 282719.
1051
Calculate the highest common divisor of 40 and 328760.
40
Calculate the highest common divisor of 3477409 and 26.
13
What is the highest common factor of 408 and 42840?
408
Calculate the highest common divisor of 1276 and 928.
116
What is the greatest common factor of 943 and 1357?
23
Calculate the greatest common divisor of 3566810 and 390.
130
Calculate the greatest common factor of 52763 and 1482.
19
What is the highest common factor of 45065 and 10?
5
Calculate the greatest common factor of 5200 and 54200.
200
Calculate the highest common divisor of 774 and 130204.
86
Calculate the greatest common factor of 944 and 181720.
472
What is the greatest common factor of 2617640 and 3720?
1240
Calculate the highest common factor of 560 and 18655.
35
What is the greatest common divisor of 5168 and 36720?
272
What is the highest common divisor of 53495 and 1755?
65
What is the highest common factor of 385 and 74795?
35
Calculate the highest common divisor of 4176 and 899.
29
Calculate the greatest common factor of 4068 and 1278.
18
What is the greatest common factor of 174 and 4609347?
87
Calculate the highest common factor of 266 and 4807.
19
What is the greatest common factor of 44 and 162052?
44
What is the greatest common factor of 1254 and 142747?
209
Calculate the highest common factor of 374 and 6494.
34
Calculate the highest common divisor of 558400 and 120.
40
Calculate the greatest common factor of 73269 and 511.
7
What is the highest common divisor of 470875 and 2750?
125
Calculate the highest common divisor of 605168 and 2429.
347
What is the greatest common factor of 108 and 648972?
108
What is the highest common divisor of 779 and 8159?
41
Calculate the highest common factor of 80 and 61730.
10
What is the greatest common divisor of 4806 and 12638?
178
What is the greatest common divisor of 34764 and 300?
12
What is the highest common divisor of 54150 and 350?
50
What is the greatest common factor of 221 and 23387?
13
Calculate the greatest common factor of 125430 and 60.
30
What is the highest common factor of 3209 and 5?
1
What is the highest common divisor of 61300 and 1670?
10
What is the highest common factor of 1917 and 10341?
27
Calculate the greatest common factor of 2 and 8199.
1
Calculate the greatest common factor of 68880 and 3584.
112
Calculate the greatest common factor of 10519 and 335.
67
Calculate the highest common divisor of 11505 and 54405.
195
Calculate the highest common divisor of 75924 and 26676.
2052
Calculate the greatest common divisor of 11644 and 6396.
164
Calculate the greatest common factor of 330 and 94908.
66
What is the greatest common divisor of 22437 and 2133?
27
Calculate the highest common factor of 106821 and 4433.
143
Calculate the highest common divisor of 70 and 17395.
35
What is the greatest common divisor of 418 and 30248?
38
Calculate the highest common factor of 564 and 2844.
12
Calculate the highest common factor of 4950 and 18675.
225
Calculate the greatest common factor of 211946 and 28.
14
What is the highest common divisor of 80 and 140240?
80
What is the greatest common divisor of 140 and 192605?
35
What is the greatest common factor of 308 and 572132?
44
What is the highest common divisor of 186 and 116901?
93
What is the highest common factor of 2076669 and 294?
147
What is the greatest common divisor of 555228 and 424?
212
What is the highest common factor of 19723 and 18093?
163
What is the highest common divisor of 580 and 39585?
145
Calculate the greatest common divisor of 7 and 450331.
7
What is the greatest common factor of 568698 and 276?
138
What is the greatest common factor of 75148 and 4?
4
Calculate the greatest common divisor of 66 and 53526.
66
What is the highest common factor of 2083592 and 1218?
406
What is the highest common divisor of 85360 and 22?
22
What is the greatest common divisor of 110189 and 753?
251
What is the highest common divisor of 45322 and 1204?
86
What is the greatest common factor of 42644 and 9884?
28
What is the greatest common factor of 359428 and 1888?
236
What is the highest common divisor of 185 and 1008250?
185
Calculate the highest common factor of 3198 and 3705.
39
Calculate the greatest common factor of 124300 and 300.
100
Calculate the greatest common divisor of 616 and 99.
11
What is the greatest common divisor of 184 and 3383668?
92
What is the greatest common divisor of 85914 and 1026?
54
Calculate the highest common factor of 1081168 and 176.
176
What is the highest common divisor of 131484 and 12?
12
Calculate the greatest common factor of 329056 and 3276.
364
Calculate the greatest common divisor of 1567 and 44.
1
What is the greatest common factor of 19440 and 3104?
16
What is the highest common factor of 6996 and 99?
33
Calculate the highest common divisor of 580 and 14732.
116
What is the greatest common factor of 82544 and 2192?
16
What is the greatest common divisor of 1341 and 644723?
149
What is the highest common factor of 29882 and 24530?
446
Calculate the greatest common divisor of 152273 and 66.
11
What is the highest common factor of 1924 and 88948?
148
What is the highest common factor of 48 and 166800?
48
What is the highest common factor of 94 and 312926?
94
What is the highest common divisor of 710 and 438070?
710
What is the highest common divisor of 60009 and 249?
249
Calculate the highest common factor of 33 and 393.
3
Calculate the greatest common divisor of 1862 and 31426.
38
What is the highest common divisor of 960 and 12120?
120
What is the highest common divisor of 747 and 56523?
249
Calculate the greatest common factor of 43 and 109693.
43
Calculate the greatest common divisor of 172563 and 1164.
291
Calculate the highest common divisor of 7334 and 13262.
38
Calculate the highest common divisor of 3484 and 1040.
52
Calculate the highest common factor of 50424 and 38544.
264
Calculate the highest common divisor of 2156 and 176.
44
Calculate the highest common factor of 1232 and 3927.
77
What is the greatest common divisor of 123310 and 110?
110
Calculate the highest common divisor of 1763 and 1849.
43
Calculate the highest common factor of 1089114 and 78.
78
Calculate the highest common factor of 7200 and 8352.
288
Calculate the greatest common divisor of 888 and 422.
2
What is the highest common divisor of 23082 and 168?
6
What is the highest common factor of 952 and 5083?
17
Calculate the highest common factor of 49227 and 183.
183
What is the highest common divisor of 770 and 83440?
70
Calculate the greatest common factor of 28602 and 252.
126
What is the highest common factor of 10778 and 2040?
34
What is the greatest common factor of 33 and 402457?
11
What is the highest common factor of 18561 and 1311?
69
What is the highest common factor of 764879 and 61?
61
Calculate the highest common divisor of 184769 and 3172.
793
Calculate the highest common factor of 10 and 24535.
5
What is the greatest common divisor of 162 and 309501?
81
What is the highest common divisor of 534352 and 1274?
182
What is the greatest common divisor of 55968 and 22?
22
Calculate the greatest common divisor of 15879 and 15.
3
What is the highest common divisor of 158295 and 17385?
915
What is the highest common factor of 414 and 87354?
414
What is the highest common factor of 61890 and 3090?
30
What is the greatest common divisor of 134706 and 5346?
66
What is the highest common factor of 24 and 89526?
6
Calculate the greatest common divisor of 936 and 22152.
312
What is the greatest common factor of 36 and 352992?
12
Calculate the greatest common divisor of 2520 and 1467480.
840
What is the greatest common factor of 678 and 54014?
226
Calculate the greatest common factor of 582 and 938766.
582
Calculate the greatest common divisor of 573460 and 3180.
1060
Calculate the highest common divisor of 564 and 2127.
3
What is the highest common factor of 684 and 170278?
38
Wh